 18 - (2878 - 2910)
14
What is (-18 + 18 - -22 - 28) + -32?
-38
Evaluate 15 + -47 + 42 - (-3 + (2 - 3) - -35).
-21
What is the value of 152 + -136 - (35 + -4)?
-15
(3 - -3) + 489 + -560
-65
What is the value of 19 + -37 + 10 + -2 + -8?
-18
What is the value of (-6 - (41 - -77)) + (15 - ((-4 - 3) + 10))?
-112
-115 + 6 + -14 + -9 + (-21 - -26)
-127
What is 3 - (-87 + 5 + 15 + 10 + -6)?
66
What is the value of 13 - (-49 - -28) - 5 - 23?
6
Calculate 26 + 5 + -44 + 8 + -20 + 7.
-18
-1 - (-2 + (-40 + 3 + 52 - (7 + -1)))
-8
What is -631 + 635 + 27 + (0 - (1 + 0))?
30
Evaluate (18 - (28 + -7)) + 17 - 72.
-58
-4 + (6 - (11 - -1 - -16))
-26
Evaluate (-32 - -36) + 26 - 57 - 32.
-59
Evaluate 4 + -7 - -7 - -69 - (7 + (10 - 19)).
75
What is the value of -60 - 66 - -27 - (1 - ((-3 - -3) + -1))?
-101
4 + -1 + -49 - (-3034 + 3049)
-61
What is -84 - (-75 + 59 + -68)?
0
Evaluate 27 - (51 + -37 + 22) - 52.
-61
34 - (-5 + 38 + (36 - 7))
-28
-13 + (-20 - (41 + -44)) + 160
130
11 + -15 + -65 - -55
-14
Calculate -17 + (14 - 0 - (16 + (45 - 60))).
-4
Evaluate (23 - 34) + 36 + -17 + (4 - -6).
18
What is the value of (140 - 321) + (-11 - -124)?
-68
Calculate 3 + -8 + -4 + 6 + 11.
8
What is the value of 5 - 45 - (611 + -671)?
20
-12 - (1 - -4 - 2) - (46 - (-34 - -72))
-23
Calculate 6 - ((-2 - 16) + 21 + (-8 - 3)).
14
What is the value of 9824 + -9823 + (0 - (-1 + (-1 - -1))) + 33?
35
Calculate -29 + 40 - (2 + 4 + -15 + 2 + 67).
-49
-102 + -40 + 68 - -184
110
What is the value of -8 - 32 - (-62 + 22 + 24)?
-24
Calculate -76 + (-29 - (-5 + -82)) - (56 + 1).
-75
Evaluate (128 - 294) + 49 - -153.
36
-9 - (-2 - 2 - (-25 - (3 - 19)))
-14
What is 48 + -38 + (-1 - (-18 + 11)) + (8 - 1)?
23
32 + 29 - -36 - 161
-64
Evaluate -20 - (25 - (52 + -11)).
-4
Calculate -22 + 165 - 113 - (2 + -33).
61
What is the value of -3 + -55 + 7 + 520 + -534?
-65
Evaluate 387 + -290 + (-19 - (-4 - 5) - -32).
119
What is the value of 4 - (8 + 0) - (28 - 27 - -7) - -153?
141
What is the value of -9 + 7 + -2 + 3 + (-2 - -12)?
9
What is 84 + (-67 - 6) - (-5 + 0 + 5)?
11
What is the value of -7 + 11 + (-2 - -10) + -6 + -27?
-21
Evaluate 656 + -683 - (-52 + 5).
20
What is (21 - 122) + 8 + 19?
-74
What is the value of (-16 - 1 - (358 - 338)) + -7?
-44
Calculate 0 - 63 - (-35 + -3 + 29) - (-23 + 18).
-49
What is the value of 59 - (16 + 22 + -27 + -16)?
64
What is (0 - -4) + (-2 - 14) + (-2 - -31 - 12)?
5
17 - (16 + 0 + -1 + 3)
-1
What is the value of -16 - -17 - 10 - (53 + -28)?
-34
What is -12 + (19 + 9 + -17 + 11 - 13)?
-3
Calculate -92 - (-28 + -25 + 28 + 6).
-73
Evaluate (6 - 1) + 0 - ((-51 - -104) + -37).
-11
What is the value of 42 + 4 + -17 + -18 + -7?
4
What is (-3 - -2) + -28 + 2 + 1?
-26
What is the value of 25 - (38 - 23) - (-4 - -3) - -8?
19
(-57 + 28 - (-12 - -81)) + (18 - (4 + -2))
-82
What is (15 - (12 + 38)) + -14 + -1 + 3?
-47
Evaluate -20 + (-8 - (-95 + -5 + -11)) - 5.
78
Calculate (14 - (108 + -66)) + -82 + 24.
-86
Calculate -51 + 1 + 0 - (75 + -140 + 71).
-56
Calculate -2 + 26 + (37 - (-16 - -100)).
-23
What is the value of (11 - (40 - (-24 - -47))) + -24?
-30
Evaluate -5 + 5 + -6 - -16 - (5 + 6 + -99).
98
What is -23 - (41 - -1 - (-74 + 95))?
-44
What is (16 - (-14 + -19)) + -9 - (1 + 6)?
33
What is (713 - 714 - (102 - ((-3 - -1) + 3))) + -11?
-113
-3 + 1 + 35 - (-496 - -492)
37
What is -49 + (86 - 26) - 98?
-87
(18 - 3) + -7 + (27 - 4)
31
Evaluate -11 + 21 + -4 + -68 - -17.
-45
What is the value of -9 + (-50 + 86 - 24)?
3
Evaluate -8 + (38 - 36) + (-127 + -2 - (36 - 43)).
-128
Calculate -21 + 44 + -22 + (-10 - 1 - -2) - -14.
6
What is the value of -2 + 7 + (9 - 33) + 99 - 15?
65
What is (60 - 53 - -14) + 27?
48
Evaluate 138 - 34 - ((28 - 16) + 19).
73
Evaluate (164 - 94) + (0 - 28).
42
Calculate (0 - 8 - (12 + -21)) + 8 + -3 + 48.
54
What is -4 + 0 + -3 + (31 + -45 - (10 + 1))?
-32
Evaluate -52 + 1 + -50 + 45 - (-4 + 7 + -9).
-50
(101 - 127) + 25 + 117
116
2 + 15 + -9 - -38 - (33 - 22)
35
Evaluate (52 - ((18 - 23) + 29)) + -71.
-43
-1 + ((-29 - -19) + 19 - -1)
9
Evaluate 10 - -31 - 73 - (-7 - 27).
2
Evaluate -39 + (-14 - -25) + 0 + -8 + -11.
-47
Calculate 46 - (-28 - (-25 - 27)) - -26.
48
Calculate 47 + (-96 + 107 - (-4 - (-14 - 0))).
48
Evaluate (-139 + 82 - -163) + -38.
68
Evaluate (9 - -102) + -26 + -155.
-70
Calculate 78 - (42 + 4 + -21 - 16).
69
Calculate 112 - 97 - (0 + -3 + -21).
39
What is -53 + -2 + 3 + 18 + 5 + -5 + -8?
-42
What is -64 - ((5 - 2 - -25) + -14 - 29)?
-49
What is 4 + (-36 - -19) - (0 + (-18 - -7))?
-2
Calculate 95 - (65 + 5 + -53).
78
Evaluate 2 + (0 - (0 + -2)) + -61 + -83 + 92.
-48
What is the value of 229 + -214 - (0 + 41) - (4 + 1)?
-31
Calculate (-3 - 2) + 3 + 10 + (-6 - -10).
12
What is (4 + 28 - 1) + (9 - (-4 + 26) - -13)?
31
(70 + -16 - 31) + 7
30
What is (-100 - (147 + -73)) + 111?
-63
What is the value of (89 - (-13 - -64)) + -16 + -2?
20
What is the value of (13 - 7) + 12 + -10 + (-3 - -4) + -6?
3
What is -52 + -38 + 87 + -28?
-31
What is the value of 62 - (-20 + (-20 - -54)) - 10?
38
Evaluate (-8 - -2) + 2 + (868 - 871) - (-3 - 12).
8
What is 1 - 0 - 10 - ((-177 - -127) + 92)?
-51
What is the value of 22 + (-48 - (-32 + 22))?
-16
What is 2 + 1 - (4 + 43 + -5 + 5 + -2)?
-42
What is the value of -4 - ((-20 - 11) + -10 + -12)?
49
Evaluate 16 + -62 + 38 + -43 - -11.
-40
Evaluate 9 + -43 + 1 + 12 - (-1 + 16).
-36
What is 10 - 38 - (28 - 6) - 20?
-70
Evaluate 115 + -76 + -37 + -1 + 50.
51
42 + 20 + -30 - 86
-54
What is the value of 6931 + -6964 + (26 - (-1 + -1))?
-5
((-11 - (-2 - -4)) + -4 - (19 + -19)) + -8
-25
What is the value of -41 + -12 + -10 + (-43 + 15 - -15)?
-76
What is the value of (22 - 1) + (-8 + (32 - -15) - -50)?
110
What is the value of 68 + -12 + -33 - -18?
41
What is the value of -115 + -9 + -18 + 67 + -25 + (-4 - 1)?
-105
Evaluate 8 + 1 + 15 - (-72 + 93).
3
Evaluate (-154 - -73) + 27 - 18.
-72
0 - (9 - 25 - -12) - (-1 + 4 - 42)
43
Calculate (1 + -1 - -3) + 26 + (-4507 - -4515).
37
Calculate 1 + (-1 + -122 + 1 - (-39 - (-29 + -1))).
-112
What is the value of -153 - -121 - (-35 + -2)?
5
-24 + (10 - 4) + 114
96
(2 - 15) + 5 + -25 + 14 + -14 + -16
-49
What is the value of (-32 + 12 - -58) + -1 + 26?
63
(1 - (64 - 1)) + 32 + -51 + 17
-64
What is -70 + -5 - ((3 + 4 + -17 - -1) + 4)?
-70
What is -401 - (71 + -414) - (1 + -1 - (-9 - 2))?
-69
(34 - (-72 + -5)) + -50
61
What is (31 + 45 - 38) + -20 + 61?
79
Evaluate (-148 - -154) + (-4 - -2 - 32) - 3.
-31
What is the value of -13 + 4 + -2 + (-10 - (-20 + 28)) + 80?
51
What is 14 - (-26 + (32 - 40)) - -23?
71
Calculate 13 + -5 + 11 + (-100 - -95) - 90.
-76
Evaluate -7 + (8 + -5 - 10) + 14 + (-12 - -13).
1
(53 + -24 - 15) + -40 - -59
33
What is 89 - (-36 + -65 + 227)?
-37
(-10 - -26) + -6 + (28 - 61)
-23
94 - (-161 + 64 + 103)
88
What is -25 - (11 - (77 + -1)) - -7?
47
What is -5 + (1 + -5 - -13 - 4) + 286 + -341?
-55
(-8 - (25 + -13)) + (78 - 88)
-30
Calculate 29 + -47 + 10 + 4 - -6 - -16.
18
What is the value of (-416 - -347) + 109 - (-1 - -73)?
-32
What is (63 - (-51 + 112)) + (2 - 49)?
-45
Evaluate (120 - 2) + (405 - 433).
90
What is 1 - -3 - -4 - (-621 + 666)?
-37
What is the value of -6093 + 6094 + (-1 - -1) + (55 - 1)?
55
Calculate 0 + -1 - -30 - (126 - (257 + -137)) - -9.
32
What is the value of (46 - (48 + -54)) + -34?
18
What is the value of -9496 - -9517 - (1 + 18 + (4 - 5))?
3
Evaluate -50 - -54 - (32 + 5).
-33
Evaluate (-84 - -2) + (8 - (-4 - -15) - (55 - 51)).
-89
-43 + -5 + 5 + (-33 + 18 - -13)
-45
Evaluate -10 + (-792 - -775 - (-1 - -2)).
-28
-51 + (78 - -94) + -147
-26
-5 + (14 + -12 - 54 - -12) - (3 - 7)
-41
Calculate -21 - -9 - 6 - (328 + -409).
63
Evaluate 1 - 4 - (0 + 8) - (-212 - -209).
-8
Calculate (43 - -1) + -1010 + 970 + 31 + 1.
36
What is the value of (16 - (15 + 17)) + 6 + (-98 - -7)?
-101
35 - 19 - 2 - (82 - (-7 + 0))
-75
What is -41 + 42 + -6 + (-2 - 10)?
-17
-48 - ((-17 - 93) + 100 + (-1 - (1 + -18)))
-54
Evaluate -11 - (-14 + 35 + -72).
40
What is the value of 28 + 5 + -13 + 8 - 28?
0
Calculate (29 - (15 - (1 - 5))) + -15 + -86.
-91
What is the value of (8 + 85 - 4) + -109?
-20
What is the value of -49 + 43 + (-26 - -45)?
13
Evaluate 11 + 51 + -47 + -5.
10
((26 - (5 + 8)) + 9 - -12) + -7 + 1
28
What is -11 - (-74 + 40 + -4)?
27
Calculate 3 - (1 + 1) - (44 + (-1 -